35492 a multiple of 3?
False
Is 57 a factor of 93095722?
False
Does 11 divide 561250013?
False
Is 113622656 a multiple of 14?
True
Is 5 a factor of 184853995?
True
Is 4002 a factor of 286425759?
False
Does 40 divide 21149000?
True
Is 19216144 a multiple of 19?
True
Is 30562872 a multiple of 136?
True
Is 117294150 a multiple of 15?
True
Does 223 divide 450600490?
True
Is 5291 a factor of 599838875?
False
Is 266993682 a multiple of 101?
False
Does 242 divide 1763454?
True
Is 1652326065 a multiple of 10659?
False
Is 10 a factor of 13154371?
False
Is 360843624 a multiple of 41?
True
Is 28357381 a multiple of 208?
False
Is 63 a factor of 23613408?
True
Is 71067465 a multiple of 35?
True
Is 65 a factor of 1089905310?
True
Is 2608079617 a multiple of 121?
True
Is 489204375 a multiple of 4125?
True
Does 4 divide 61489672?
True
Is 413925552 a multiple of 401?
False
Is 1874164065 a multiple of 199?
False
Is 3353049036 a multiple of 12?
True
Is 11133 a factor of 2439975078?
True
Is 43775817 a multiple of 109?
True
Does 20 divide 80393388?
False
Is 119421564 a multiple of 1167?
False
Does 21 divide 234186886?
False
Is 22480477 a multiple of 14?
False
Is 1606589796 a multiple of 84?
True
Is 342634004 a multiple of 4?
True
Is 6538690169 a multiple of 30?
False
Does 20 divide 381450380?
True
Is 999835720 a multiple of 2692?
True
Is 32860217 a multiple of 67?
True
Does 1163 divide 25226195?
False
Is 8 a factor of 498524784?
True
Is 27029184 a multiple of 3?
True
Does 9 divide 307736352?
True
Is 702 a factor of 143333525?
False
Does 5 divide 32015668?
False
Is 274356182 a multiple of 3?
False
Is 80517132 a multiple of 27?
True
Does 6 divide 36730386?
True
Is 291 a factor of 58526596?
False
Does 1479 divide 51305031?
True
Is 37600781 a multiple of 58?
False
Is 131132133 a multiple of 33?
True
Is 831471344 a multiple of 17963?
True
Is 695 a factor of 74954979?
False
Is 146194319 a multiple of 86?
False
Does 2400 divide 447642301?
False
Is 343203426 a multiple of 5262?
True
Is 13 a factor of 444290373?
False
Is 8 a factor of 372934258?
False
Is 13368419 a multiple of 131?
True
Does 204 divide 3876061666?
False
Is 74 a factor of 4153198?
False
Does 1503 divide 1082774?
False
Is 606 a factor of 209042124?
True
Is 6 a factor of 382381782?
True
Is 368 a factor of 564434186?
False
Does 42 divide 10304742?
True
Is 577780917 a multiple of 987?
True
Does 10 divide 18665856?
False
Does 31 divide 5374253?
True
Is 109630365 a multiple of 85?
True
Is 516701240 a multiple of 22?
True
Is 364585392 a multiple of 423?
True
Is 15 a factor of 27117863?
False
Is 25171451 a multiple of 9?
False
Is 169245096 a multiple of 4?
True
Is 89255574 a multiple of 81?
False
Does 35 divide 582524876?
False
Is 430 a factor of 17167750?
True
Is 1253741280 a multiple of 3232?
True
Does 37 divide 1027998232?
True
Is 11818 a factor of 4886780082?
False
Is 416 a factor of 144096053?
False
Is 43 a factor of 159583277?
True
Does 2145 divide 62829195?
True
Is 586481280 a multiple of 448?
True
Is 8745992 a multiple of 11?
False
Is 30 a factor of 46050030?
True
Is 1546 a factor of 35532243?
False
Does 221 divide 189552363?
True
Does 77 divide 4091934?
True
Is 466501088 a multiple of 368?
True
Is 59 a factor of 11458535?
False
Is 46217540 a multiple of 10?
True
Does 14 divide 235379032?
True
Is 10 a factor of 735106?
False
Is 45 a factor of 3222897030?
True
Is 5 a factor of 338076305?
True
Is 77177690 a multiple of 127?
False
Is 1104096439 a multiple of 667?
True
Does 34 divide 181385220?
False
Does 19 divide 136716718?
False
Does 14 divide 1354085780?
False
Is 3738 a factor of 70553360?
False
Is 35173850 a multiple of 425?
True
Is 28121488 a multiple of 345?
False
Is 3 a factor of 62231773?
False
Is 8 a factor of 438690960?
True
Does 6 divide 774752005?
False
Does 111 divide 33218041?
False
Does 744 divide 782264769?
False
Does 453 divide 6215794262?
False
Is 507 a factor of 820692054?
True
Does 29 divide 227628057?
False
Is 3621 a factor of 3345836?
False
Does 20 divide 12453540?
True
Is 25509464 a multiple of 311?
True
Is 35 a factor of 570875160?
False
Is 11202291 a multiple of 880?
False
Is 71 a factor of 131725198?
False
Is 968 a factor of 345380464?
True
Is 147916596 a multiple of 76?
True
Does 28 divide 79731884?
False
Is 17948536 a multiple of 2?
True
Is 147 a factor of 3482185?
False
Is 63 a factor of 10605819?
False
Is 183 a factor of 95642571?
True
Is 416 a factor of 67257216?
True
Is 23597075 a multiple of 1165?
True
Does 1147 divide 709773923?
True
Does 3849 divide 121339725?
True
Is 811537 a multiple of 16?
False
Is 27 a factor of 494944641?
True
Does 28 divide 17361876?
True
Is 1604 a factor of 957657027?
False
Is 524580000 a multiple of 60?
True
Is 97 a factor of 86372486?
True
Is 16595280 a multiple of 6?
True
Does 1158 divide 639927243?
False
Is 110337810 a multiple of 10?
True
Is 3 a factor of 486129?
True
Does 637 divide 39127725?
True
Does 5 divide 37149381?
False
Does 984 divide 473423064?
True
Is 1235597160 a multiple of 105?
True
Does 52 divide 25226747?
False
Is 497336689 a multiple of 31?
True
Does 285 divide 8254740?
True
Is 20 a factor of 1160897720?
True
Is 18780027 a multiple of 6?
False
Is 1119 a factor of 378543411?
False
Is 2315040124 a multiple of 5504?
False
Is 5 a factor of 161277885?
True
Does 365 divide 109953330?
True
Is 107 a factor of 3145158?
True
Is 65293656 a multiple of 8?
True
Is 447 a factor of 51405000?
True
Is 4051978104 a multiple of 6979?
False
Is 49 a factor of 13932219?
True
Does 4564 divide 273470316?
True
Does 583 divide 357735213?
True
Does 44 divide 90744?
False
Is 3172435241 a multiple of 18?
False
Is 48410974 a multiple of 4?
False
Is 3918340891 a multiple of 53?
False
Is 30640680 a multiple of 189?
True
Does 8 divide 85560800?
True
Is 2543067190 a multiple of 5615?
True
Does 2051 divide 52311747?
False
Is 450835905 a multiple of 39?
True
Does 192 divide 537759464?
False
Does 7 divide 64559235?
False
Does 128 divide 263667874?
False
Is 101617194 a multiple of 31?
True
Does 1905 divide 871826743?
False
Does 10 divide 26223524?
False
Does 4049 divide 437510646?
True
Is 5646 a factor of 2003153785?
False
Is 22 a factor of 8247282?
False
Does 2851 divide 711178743?
False
Does 1134 divide 1421304570?
True
Does 50 divide 2005332350?
True
Does 864 divide 56268864?
True
Does 2858 divide 360276622?
True
Does 114 divide 6868127112?
False
Is 19 a factor of 605028840?
False
Is 400 a factor of 20069740?
False
Does 208 divide 13691313?
False
Does 116 divide 279270038?
False
Does 385 divide 14728560?
True
Is 40892640 a multiple of 40?
True
Is 209931718 a multiple of 46?
True
Is 239418352 a multiple of 254?
False
Is 821175300 a multiple of 1100?
True
Is 48914814 a multiple of 17?
True
Is 1872346632 a multiple of 172?
False
Does 35 divide 11698150?
False
Is 7 a factor of 139096118?
True
Does 22 divide 53174022?
True
Is 2725501879 a multiple of 152?
False
Is 310103080 a multiple of 460?
False
Is 33 a factor of 42918018?
True
Is 109 a factor of 2001657?
False
Is 545302992 a multiple of 1168?
True
Does 150 divide 11895750?
True
Is 9 a factor of 1062193622?
False
Does 34 divide 555286021?
False
Does 121 divide 314214252?
True
Is 826 a factor of 82634692?
True
Is 379 a factor of 221025846?
False
Does 2314 divide 85506928?
True
Is 97 a factor of 38985561?
True
Is 271 a factor of 836376402?
False
Does 886 divide 132921264?
True
Does 1602 divide 65407588?
False
Is 52 a factor of 500764993?
False
Is 168 a factor of 2088979?
False
Is 7 a factor of 117950?
True
Is 719026 a multiple of 29?
True
Does 755 divide 263118255?
True
Does 9297 divide 2293207317?
True
Is 43 a factor of 219652380?
False
Does 355 divide 117609725?
True
Does 159 divide 17015862?
True
Is 466907085 a multiple of 809?
False
Is 12 a factor of 188822496?
True
Does 518 divide 116827130?
True
Is 2719889 even?
False
Does 123 divide 5838313818?
True
Is 284 a factor of 199762931?
False
Does 2421 divide 660787078?
False
Is 1260781952 a multiple of 339?
False
Does 2262 divide 20328594?
True
Does 218 divide 135642697?
False
Does 5 divide 68650960?
True
Is 1660554 a multiple of 32?
False
Does 2732 divide 125288241?
False
Is 1121 a factor of 214002263?
True
Does 1760 divide 28684506?
False
Does 1132 divide 141509